{"id":450,"date":"2024-03-14T19:03:49","date_gmt":"2024-03-14T22:03:49","guid":{"rendered":"https:\/\/ndzconsulting.com.br\/index.php\/por-que-brasil\/"},"modified":"2024-07-29T10:05:20","modified_gmt":"2024-07-29T13:05:20","slug":"por-que-brasil","status":"publish","type":"page","link":"https:\/\/ndzconsulting.com.br\/index.php\/por-que-brasil\/","title":{"rendered":"Brasil"},"content":{"rendered":"<p>[et_pb_section fb_built=&#8221;1&#8243; _builder_version=&#8221;4.24.2&#8243; _module_preset=&#8221;default&#8221; custom_padding=&#8221;5px||5px|||&#8221; global_colors_info=&#8221;{}&#8221;][et_pb_row column_structure=&#8221;3_5,2_5&#8243; _builder_version=&#8221;4.24.2&#8243; _module_preset=&#8221;default&#8221; global_colors_info=&#8221;{}&#8221;][et_pb_column type=&#8221;3_5&#8243; _builder_version=&#8221;4.24.2&#8243; _module_preset=&#8221;default&#8221; global_colors_info=&#8221;{}&#8221;][et_pb_post_title meta=&#8221;off&#8221; featured_image=&#8221;off&#8221; _builder_version=&#8221;4.24.2&#8243; _module_preset=&#8221;default&#8221; title_font=&#8221;|||on|||||&#8221; title_text_color=&#8221;#3B963B&#8221; custom_margin=&#8221;65px||||false|false&#8221; custom_margin_tablet=&#8221;0px||||false|false&#8221; custom_margin_phone=&#8221;0px||||false|false&#8221; custom_margin_last_edited=&#8221;on|tablet&#8221; global_colors_info=&#8221;{}&#8221;][\/et_pb_post_title][et_pb_text _builder_version=&#8221;4.24.2&#8243; _module_preset=&#8221;default&#8221; text_font=&#8221;|300|||||||&#8221; text_font_size=&#8221;20px&#8221; text_line_height=&#8221;1.4em&#8221; width=&#8221;80%&#8221; global_colors_info=&#8221;{}&#8221;]<\/p>\n<p>Brasil se destaca como uno de los mejores pa\u00edses para el desarrollo de las inversiones y los negocios que por diversas razones atraen a Empresarios de todo el mundo.<\/p>\n<p>[\/et_pb_text][et_pb_button button_url=&#8221;#intro&#8221; button_text=&#8221;ver m\u00e1s&#8221; _builder_version=&#8221;4.24.2&#8243; _module_preset=&#8221;default&#8221; custom_button=&#8221;on&#8221; button_text_size=&#8221;18px&#8221; button_text_color=&#8221;#000000&#8243; button_border_width=&#8221;0px&#8221; button_border_radius=&#8221;0px&#8221; button_font=&#8221;||||||||&#8221; button_icon=&#8221;&#x22;||divi||400&#8243; button_icon_color=&#8221;#3B963B&#8221; button_icon_placement=&#8221;left&#8221; button_on_hover=&#8221;off&#8221; custom_margin=&#8221;55px|||||&#8221; global_colors_info=&#8221;{}&#8221;][\/et_pb_button][\/et_pb_column][et_pb_column type=&#8221;2_5&#8243; _builder_version=&#8221;4.24.2&#8243; _module_preset=&#8221;default&#8221; global_colors_info=&#8221;{}&#8221;][et_pb_image src=&#8221;http:\/\/ndzconsulting.com.br\/wp-content\/uploads\/2024\/07\/iStock-1497651707.jpg&#8221; title_text=&#8221;Brazil map silhouette with flag isolated on white background&#8221; _builder_version=&#8221;4.25.1&#8243; _module_preset=&#8221;default&#8221; global_colors_info=&#8221;{}&#8221;][\/et_pb_image][\/et_pb_column][\/et_pb_row][\/et_pb_section][et_pb_section fb_built=&#8221;1&#8243; module_id=&#8221;intro&#8221; _builder_version=&#8221;4.24.2&#8243; _module_preset=&#8221;default&#8221; background_enable_color=&#8221;off&#8221; use_background_color_gradient=&#8221;on&#8221; background_color_gradient_stops=&#8221;#eeeeee 0%|#ffffff 99%&#8221; custom_margin=&#8221;||30px||false|false&#8221; custom_padding=&#8221;||||false|false&#8221; global_colors_info=&#8221;{}&#8221;][et_pb_row column_structure=&#8221;3_5,2_5&#8243; _builder_version=&#8221;4.24.2&#8243; _module_preset=&#8221;default&#8221; custom_padding=&#8221;||0px|||&#8221; global_colors_info=&#8221;{}&#8221;][et_pb_column type=&#8221;3_5&#8243; _builder_version=&#8221;4.24.2&#8243; _module_preset=&#8221;default&#8221; global_colors_info=&#8221;{}&#8221;][et_pb_blurb title=&#8221;Recursos naturales&#8221; use_icon=&#8221;on&#8221; font_icon=&#8221;&#x5a;||divi||400&#8243; icon_placement=&#8221;left&#8221; _builder_version=&#8221;4.24.2&#8243; _module_preset=&#8221;default&#8221; header_font=&#8221;||||||||&#8221; body_font=&#8221;||||||||&#8221; min_height=&#8221;58.6px&#8221; custom_margin=&#8221;40px||30px||false|false&#8221; border_color_all_image=&#8221;#3B963B&#8221; global_colors_info=&#8221;{}&#8221;]<\/p>\n<p>Abundancia de tierras agr\u00edcolas, recursos minerales y energ\u00e9ticos.<\/p>\n<p>[\/et_pb_blurb][et_pb_blurb title=&#8221;Econom\u00eda Diversificada&#8221; use_icon=&#8221;on&#8221; font_icon=&#8221;&#x5a;||divi||400&#8243; icon_placement=&#8221;left&#8221; _builder_version=&#8221;4.24.2&#8243; _module_preset=&#8221;default&#8221; custom_margin=&#8221;||26px|||&#8221; border_color_all_image=&#8221;#3B963B&#8221; global_colors_info=&#8221;{}&#8221;]<\/p>\n<p>Sectores variados, reduciendo el riesgo asociado a la dependencia de un mercado espec\u00edfico.<\/p>\n<p>[\/et_pb_blurb][et_pb_blurb title=&#8221;Mercado Interno Extensivo:&#8221; use_icon=&#8221;on&#8221; font_icon=&#8221;&#x5a;||divi||400&#8243; icon_placement=&#8221;left&#8221; _builder_version=&#8221;4.24.2&#8243; _module_preset=&#8221;default&#8221; min_height=&#8221;87.6px&#8221; custom_margin=&#8221;||25px||false|false&#8221; border_color_all_image=&#8221;#3B963B&#8221; global_colors_info=&#8221;{}&#8221;]<\/p>\n<p>Gran poblaci\u00f3n y mercado interno, ofreciendo oportunidades de alcance masivo.<\/p>\n<p>[\/et_pb_blurb][\/et_pb_column][et_pb_column type=&#8221;2_5&#8243; _builder_version=&#8221;4.24.2&#8243; _module_preset=&#8221;default&#8221; global_colors_info=&#8221;{}&#8221;][et_pb_image src=&#8221;http:\/\/ndzconsulting.com.br\/wp-content\/uploads\/2024\/07\/Imagen-de-WhatsApp-2024-07-24-a-las-13.01.41_f15f9fa0.jpg&#8221; title_text=&#8221;Imagen de WhatsApp 2024-07-24 a las 13.01.41_f15f9fa0&#8243; _builder_version=&#8221;4.25.1&#8243; _module_preset=&#8221;default&#8221; global_colors_info=&#8221;{}&#8221;][\/et_pb_image][\/et_pb_column][\/et_pb_row][\/et_pb_section][et_pb_section fb_built=&#8221;1&#8243; _builder_version=&#8221;4.24.2&#8243; _module_preset=&#8221;default&#8221; background_color=&#8221;#FFFFFF&#8221; background_image=&#8221;http:\/\/ndzconsulting.com.br\/wp-content\/uploads\/2024\/03\/gray-square.jpg&#8221; background_size=&#8221;custom&#8221; background_image_width=&#8221;0%&#8221; background_image_height=&#8221;0%&#8221; background_position=&#8221;top_left&#8221; background_horizontal_offset=&#8221;0%&#8221; custom_padding=&#8221;41px||27px|||&#8221; global_colors_info=&#8221;{}&#8221;][et_pb_row column_structure=&#8221;2_5,3_5&#8243; _builder_version=&#8221;4.24.2&#8243; _module_preset=&#8221;default&#8221; global_colors_info=&#8221;{}&#8221;][et_pb_column type=&#8221;2_5&#8243; _builder_version=&#8221;4.24.2&#8243; _module_preset=&#8221;default&#8221; global_colors_info=&#8221;{}&#8221;][et_pb_image src=&#8221;http:\/\/ndzconsulting.com.br\/wp-content\/uploads\/2024\/03\/porque-02-1.png&#8221; title_text=&#8221;porque-02&#8243; _builder_version=&#8221;4.25.1&#8243; _module_preset=&#8221;default&#8221; width=&#8221;65%&#8221; module_alignment=&#8221;center&#8221; global_colors_info=&#8221;{}&#8221;][\/et_pb_image][\/et_pb_column][et_pb_column type=&#8221;3_5&#8243; _builder_version=&#8221;4.24.2&#8243; _module_preset=&#8221;default&#8221; global_colors_info=&#8221;{}&#8221;][et_pb_blurb title=&#8221;Incentivos Gubernamentales:&#8221; use_icon=&#8221;on&#8221; font_icon=&#8221;&#x5a;||divi||400&#8243; icon_placement=&#8221;left&#8221; _builder_version=&#8221;4.24.2&#8243; _module_preset=&#8221;default&#8221; header_font=&#8221;||||||||&#8221; body_font=&#8221;||||||||&#8221; min_height=&#8221;58.6px&#8221; custom_margin=&#8221;18px||30px||false|false&#8221; border_color_all_image=&#8221;#3B963B&#8221; global_colors_info=&#8221;{}&#8221;]<\/p>\n<p><span style=\"font-weight: 400;\">Pol\u00edticas que fomentan la inversi\u00f3n extranjera, como reducciones fiscales y subsidios.<\/span><\/p>\n<p>[\/et_pb_blurb][et_pb_blurb title=&#8221;Desarrollo Tecnol\u00f3gico:&#8221; use_icon=&#8221;on&#8221; font_icon=&#8221;&#x5a;||divi||400&#8243; icon_placement=&#8221;left&#8221; _builder_version=&#8221;4.24.2&#8243; _module_preset=&#8221;default&#8221; custom_margin=&#8221;||26px|||&#8221; border_color_all_image=&#8221;#3B963B&#8221; global_colors_info=&#8221;{}&#8221;]<\/p>\n<p><span style=\"font-weight: 400;\">Avances tecnol\u00f3gicos notables, especialmente en tecnolog\u00eda de la informaci\u00f3n y comunicaci\u00f3n.<\/span><\/p>\n<p>[\/et_pb_blurb][et_pb_blurb title=&#8221;Potencial Agr\u00edcola y Ganadero:&#8221; use_icon=&#8221;on&#8221; font_icon=&#8221;&#x5a;||divi||400&#8243; icon_placement=&#8221;left&#8221; _builder_version=&#8221;4.24.2&#8243; _module_preset=&#8221;default&#8221; min_height=&#8221;87.6px&#8221; custom_margin=&#8221;||25px||false|false&#8221; border_color_all_image=&#8221;#3B963B&#8221; global_colors_info=&#8221;{}&#8221;]<\/p>\n<p><span style=\"font-weight: 400;\">Destacada posici\u00f3n como exportador agr\u00edcola y ganadero mundial.<\/span><\/p>\n<p>[\/et_pb_blurb][\/et_pb_column][\/et_pb_row][\/et_pb_section][et_pb_section fb_built=&#8221;1&#8243; _builder_version=&#8221;4.24.2&#8243; _module_preset=&#8221;default&#8221; custom_padding=&#8221;||108px|||&#8221; global_colors_info=&#8221;{}&#8221;][et_pb_row _builder_version=&#8221;4.24.2&#8243; _module_preset=&#8221;default&#8221; width=&#8221;70%&#8221; global_colors_info=&#8221;{}&#8221;][et_pb_column type=&#8221;4_4&#8243; _builder_version=&#8221;4.24.2&#8243; _module_preset=&#8221;default&#8221; global_colors_info=&#8221;{}&#8221;][et_pb_text _builder_version=&#8221;4.24.2&#8243; _module_preset=&#8221;default&#8221; text_font=&#8221;||||||||&#8221; text_text_color=&#8221;#3B963B&#8221; text_font_size=&#8221;22px&#8221; text_line_height=&#8221;1.6em&#8221; text_orientation=&#8221;center&#8221; global_colors_info=&#8221;{}&#8221;]Con atenci\u00f3n estrat\u00e9gica, empresarios pueden aprovechar oportunidades en Brasil, contribuyendo al dinamismo econ\u00f3mico. Implica entender el mercado, adaptarse proactivamente y priorizar la responsabilidad social y ambiental.[\/et_pb_text][\/et_pb_column][\/et_pb_row][\/et_pb_section]<\/p>\n","protected":false},"excerpt":{"rendered":"<p>Brasil se destaca como uno de los mejores pa\u00edses para el desarrollo de las inversiones y los negocios que por diversas razones atraen a Empresarios de todo el mundo.Abundancia de tierras agr\u00edcolas, recursos minerales y energ\u00e9ticos.Sectores variados, reduciendo el riesgo asociado a la dependencia de un mercado espec\u00edfico.Gran poblaci\u00f3n y mercado interno, ofreciendo oportunidades de [&hellip;]<\/p>\n","protected":false},"author":2,"featured_media":0,"parent":0,"menu_order":0,"comment_status":"closed","ping_status":"closed","template":"","meta":{"_et_pb_use_builder":"on","_et_pb_old_content":"","_et_gb_content_width":"","footnotes":""},"class_list":["post-450","page","type-page","status-publish","hentry"],"_links":{"self":[{"href":"https:\/\/ndzconsulting.com.br\/index.php\/wp-json\/wp\/v2\/pages\/450","targetHints":{"allow":["GET"]}}],"collection":[{"href":"https:\/\/ndzconsulting.com.br\/index.php\/wp-json\/wp\/v2\/pages"}],"about":[{"href":"https:\/\/ndzconsulting.com.br\/index.php\/wp-json\/wp\/v2\/types\/page"}],"author":[{"embeddable":true,"href":"https:\/\/ndzconsulting.com.br\/index.php\/wp-json\/wp\/v2\/users\/2"}],"replies":[{"embeddable":true,"href":"https:\/\/ndzconsulting.com.br\/index.php\/wp-json\/wp\/v2\/comments?post=450"}],"version-history":[{"count":32,"href":"https:\/\/ndzconsulting.com.br\/index.php\/wp-json\/wp\/v2\/pages\/450\/revisions"}],"predecessor-version":[{"id":904,"href":"https:\/\/ndzconsulting.com.br\/index.php\/wp-json\/wp\/v2\/pages\/450\/revisions\/904"}],"wp:attachment":[{"href":"https:\/\/ndzconsulting.com.br\/index.php\/wp-json\/wp\/v2\/media?parent=450"}],"curies":[{"name":"wp","href":"https:\/\/api.w.org\/{rel}","templated":true}]}}